{"id":50895,"date":"2023-10-11T11:07:26","date_gmt":"2023-10-11T09:07:26","guid":{"rendered":"http:\/\/www.bisztron.at\/?page_id=50895"},"modified":"2024-02-24T12:08:44","modified_gmt":"2024-02-24T11:08:44","slug":"meine-hunde","status":"publish","type":"page","link":"http:\/\/www.bisztron.at\/?page_id=50895","title":{"rendered":"Hunde, mit denen ich mein Leben teilen durfte"},"content":{"rendered":"<p>[vc_row row_type=&#8220;row&#8220; use_row_as_full_screen_section=&#8220;no&#8220; type=&#8220;grid&#8220; oblique_section=&#8220;no&#8220; text_align=&#8220;left&#8220; triangle_shape=&#8220;no&#8220; padding_top=&#8220;33&#8243; css_animation=&#8220;&#8220; box_shadow_on_row=&#8220;no&#8220;][vc_column width=&#8220;1\/3&#8243;]<div class='edgt_team on_hover'><div class='edgt_team_inner'><div class='edgt_team_image'><img src='http:\/\/www.bisztron.at\/wp-content\/uploads\/2023\/09\/Mino_HP.jpg' alt='team_image' \/><div class='edgt_team_social_holder in_center'  style='background-color:rgba(30,37,27,0.85);'><div class='edgt_team_social'><div class='edgt_team_social_inner'><div class='edgt_team_title_holder'><h4 class='edgt_team_name' >Mino<\/h4><h6 class='edgt_team_position' style =\"color: #a6a4a2;font-weight: 400\">mein Meister<\/h6><\/div><\/div><\/div><\/div><\/div><\/div><\/div>[vc_separator type=&#8220;normal&#8220; up=&#8220;30&#8243;][vc_column_text]Im Sommer 2020 tapste Mino, ein Labi-Cane Corso, unbek\u00fcmmert und fr\u00f6hlich in mein Leben.<br \/>\nNach jahrelanger Erfahrung als Hundebesitzerin und Verhaltensberaterin hatte ich in ihm meinen Meister gefunden. Gemeinsam mit ihm stelle ich mich der Herausforderung. Er zeigt mir wo mein Entwicklungspotential liegt und wie ich meine F\u00e4higkeiten als Verhaltenberaterin verbessern kann. Mino ist auch die Inspiration f\u00fcr mein Projekt &#8222;Aus Erziehung wird Beziehung&#8220;[\/vc_column_text][\/vc_column][vc_column width=&#8220;1\/3&#8243;][vc_column_text]Ich hatte noch zuvor nie einen so abgemagerten und kranken Hund gesehen wie Donna. Sie hat damals mein Herz ber\u00fchrt und tut es noch heute. Donna und ich waren Seelenverwandte. Wir hatten viele sch\u00f6ne Jahre miteinander und der Tag an dem sie die Regenbogenbr\u00fccke \u00fcberquerte (2021), hat nichts an unserer tiefen Verbundenheit ver\u00e4ndert. Sie wird f\u00fcr ewig mein Herzenshund bleiben.[\/vc_column_text][vc_separator type=&#8220;normal&#8220;]<div class='edgt_team on_hover'><div class='edgt_team_inner'><div class='edgt_team_image'><img src='http:\/\/www.bisztron.at\/wp-content\/uploads\/2015\/02\/Donna_seitlich.jpg' alt='team_image' \/><div class='edgt_team_social_holder in_center'  style='background-color:rgba(30,37,27,0.85);'><div class='edgt_team_social'><div class='edgt_team_social_inner'><div class='edgt_team_title_holder'><h4 class='edgt_team_name' >Donna<\/h4><h6 class='edgt_team_position' style =\"color: #a6a4a2;font-weight: 400\">meine Grande Dame<\/h6><\/div><\/div><\/div><\/div><\/div><\/div><\/div>[\/vc_column][vc_column width=&#8220;1\/3&#8243;]<div class='edgt_team on_hover'><div class='edgt_team_inner'><div class='edgt_team_image'><img src='http:\/\/www.bisztron.at\/wp-content\/uploads\/2015\/02\/mia-gras.jpg' alt='team_image' \/><div class='edgt_team_social_holder in_center'  style='background-color:rgba(30,37,27,0.85);'><div class='edgt_team_social'><div class='edgt_team_social_inner'><div class='edgt_team_title_holder'><h4 class='edgt_team_name' >Mia<\/h4><h6 class='edgt_team_position' >fr\u00f6hlich und neugierig<\/h6><\/div><\/div><\/div><\/div><\/div><\/div><\/div>[vc_separator type=&#8220;normal&#8220; up=&#8220;30&#8243;][vc_column_text]<\/p>\n<p class=\"bodytext\">Mia wurde auf einem Flohmarkt verkauft und dann beim Tierarzt abgegeben. Sie war erst 6 Wochen alt, als sie zu mir kam. Ich habe sie dort abgeholt und sie hat mein Herz gleich erobert.<\/p>\n<p class=\"bodytext\">Mia hat mir gezeigt wie wichtig es ist, auch mal mein Temperament zu z\u00fcgeln, durchzuatmen und ruhig und gelassen weiter zu machen. Sie bringt mich zum Lachen und manchmal treibt sie mich in die Verzweiflung, wenn Dinge nicht so klappen wie ich es mir vorstelle. Doch letztendlich l\u00e4\u00dft sie mich kreativ sein und andere Wege beschreiten.<\/p>\n<p class=\"bodytext\">Im August 2015 ist sie \u00fcber die Regenbogenbr\u00fccke gegangen. Sie hat eine gro\u00dfe L\u00fccke hinterlassen.<\/p>\n<p>[\/vc_column_text][\/vc_column][\/vc_row][vc_row row_type=&#8220;row&#8220; use_row_as_full_screen_section=&#8220;no&#8220; type=&#8220;full_width&#8220; oblique_section=&#8220;no&#8220; text_align=&#8220;left&#8220; triangle_shape=&#8220;no&#8220; css_animation=&#8220;&#8220; box_shadow_on_row=&#8220;no&#8220;][vc_column][vc_column_text][\/vc_column_text][\/vc_column][\/vc_row][vc_row row_type=&#8220;row&#8220; use_row_as_full_screen_section=&#8220;no&#8220; type=&#8220;grid&#8220; oblique_section=&#8220;no&#8220; text_align=&#8220;left&#8220; triangle_shape=&#8220;no&#8220; padding_top=&#8220;33&#8243; css_animation=&#8220;&#8220; box_shadow_on_row=&#8220;no&#8220;][vc_column width=&#8220;1\/3&#8243;]<div class='edgt_team on_hover'><div class='edgt_team_inner'><div class='edgt_team_image'><img src='http:\/\/www.bisztron.at\/wp-content\/uploads\/2015\/02\/Burli-Kopf.jpg' alt='team_image' \/><div class='edgt_team_social_holder in_center'  style='background-color:rgba(30,37,27,0.85);'><div class='edgt_team_social'><div class='edgt_team_social_inner'><div class='edgt_team_title_holder'><h4 class='edgt_team_name' >Burli<\/h4><h6 class='edgt_team_position' style =\"color: #a6a4a2;font-weight: 400\">mein Meister<\/h6><\/div><\/div><\/div><\/div><\/div><\/div><\/div>[vc_separator type=&#8220;normal&#8220; up=&#8220;30&#8243;][vc_column_text]Mein &#8222;Burli&#8220; war sein Leben lang ein Kettenhund und landete schlie\u00dflich in Nitra.<\/p>\n<p class=\"bodytext\">Ein alter Herr, der sich schon mit allem sehr schwertut. Er h\u00f6rt schlecht &#8211; wobei man nicht genau sagen kann, ob er vielleicht nicht h\u00f6ren will. Er sieht schlecht. Er geht sehr gem\u00e4chlich und hat schon Schwierigkeiten mit dem Aufstehen.<\/p>\n<p class=\"bodytext\">Hier bei mir durfte er seinen Lebensabend verbringen. Er hatte es warm und kuschelig und war auf seiner letzten Reise (2014) nicht allein.<\/p>\n<p>[\/vc_column_text][\/vc_column][vc_column width=&#8220;1\/3&#8243;][vc_column_text]<\/p>\n<p class=\"bodytext\">Einen Irischen Wolfshund zu haben &#8211; ein Traum, der wahr wurde. Das Zita bei mir einzog war eher eine g\u00f6ttliche F\u00fcgung. Eigentlich wollte ich einen Welpen, doch ein kurzer Spaziergang mit Zita hatte mich \u00fcberzeugt ihr ein neues Zuhause zu geben, denn Zita tat f\u00fcr ziemlich jedes Futter so ziemlich alles. Zu ihren beliebtesten Sachen geh\u00f6rte: Zwetschken, \u00c4pfel, Marillen direkt vom Baum gepfl\u00fcckt, Bananen, Geburtstagstorten, und was sich sonst noch Leckeres auf dem Esstisch finden l\u00e4sst.<\/p>\n<p class=\"bodytext\">Zita hatte durch sehr traumatische Umst\u00e4nde ihr zu Hause, ihre Familie und ihre Freunde verloren. Es war uns nicht bestimmt eine lange Zeit miteinander zu verbringen. Zita ist nach eineinhalb Jahren \u00fcber die Regenbogenbr\u00fccke gegangen (2007). Heim zu ihrer wirklichen Familie, die sie bis zum Schluss sehr vermisste.<\/p>\n<p>[\/vc_column_text][vc_separator type=&#8220;normal&#8220;]<div class='edgt_team on_hover'><div class='edgt_team_inner'><div class='edgt_team_image'><img src='http:\/\/www.bisztron.at\/wp-content\/uploads\/2015\/02\/Zita.jpg' alt='team_image' \/><div class='edgt_team_social_holder in_center'  style='background-color:rgba(30,37,27,0.85);'><div class='edgt_team_social'><div class='edgt_team_social_inner'><div class='edgt_team_title_holder'><h4 class='edgt_team_name' >Zita<\/h4><h6 class='edgt_team_position' style =\"color: #a6a4a2;font-weight: 400\">meine Grande Dame<\/h6><\/div><\/div><\/div><\/div><\/div><\/div><\/div>[\/vc_column][vc_column width=&#8220;1\/3&#8243;]<div class='edgt_team on_hover'><div class='edgt_team_inner'><div class='edgt_team_image'><img src='http:\/\/www.bisztron.at\/wp-content\/uploads\/2015\/02\/Tamina1-scaled.jpg' alt='team_image' \/><div class='edgt_team_social_holder in_center' ><div class='edgt_team_social'><div class='edgt_team_social_inner'><div class='edgt_team_title_holder'><h4 class='edgt_team_name' >Tamina<\/h4><span class='separator small' style=''><\/span><\/div><\/div><\/div><\/div><\/div><\/div><\/div>[vc_separator type=&#8220;normal&#8220;][vc_column_text]Tamina ist bei mit 2010 eingezogen. Ein total ver\u00e4ngstigtes, kleines Terrier-M\u00e4dchen. Schritt f\u00fcr Schritt hat sie sich wieder ins Leben zur\u00fcck gearbeitet. Sie ist heute ein gl\u00fccklicher Hund, wenn auch mit ein paar kleinen Einschr\u00e4nkungen.[\/vc_column_text][\/vc_column][\/vc_row][vc_row row_type=&#8220;row&#8220; use_row_as_full_screen_section=&#8220;no&#8220; type=&#8220;full_width&#8220; oblique_section=&#8220;no&#8220; text_align=&#8220;left&#8220; triangle_shape=&#8220;no&#8220; css_animation=&#8220;&#8220; box_shadow_on_row=&#8220;no&#8220;][vc_column][vc_column_text][\/vc_column_text][\/vc_column][\/vc_row]<\/p>\n","protected":false},"excerpt":{"rendered":"<p>[vc_row row_type=&#8220;row&#8220; use_row_as_full_screen_section=&#8220;no&#8220; type=&#8220;grid&#8220; oblique_section=&#8220;no&#8220; text_align=&#8220;left&#8220; triangle_shape=&#8220;no&#8220; padding_top=&#8220;33&#8243; css_animation=&#8220;&#8220; box_shadow_on_row=&#8220;no&#8220;][vc_column width=&#8220;1\/3&#8243;][vc_separator type=&#8220;normal&#8220; up=&#8220;30&#8243;][vc_column_text]Im Sommer 2020 tapste Mino, ein Labi-Cane Corso, unbek\u00fcmmert und fr\u00f6hlich in mein Leben. Nach jahrelanger Erfahrung als Hundebesitzerin und Verhaltensberaterin hatte ich in ihm meinen Meister gefunden. Gemeinsam mit ihm stelle ich&#8230;<\/p>\n","protected":false},"author":1,"featured_media":0,"parent":0,"menu_order":0,"comment_status":"closed","ping_status":"closed","template":"","meta":{"footnotes":""},"_links":{"self":[{"href":"http:\/\/www.bisztron.at\/index.php?rest_route=\/wp\/v2\/pages\/50895"}],"collection":[{"href":"http:\/\/www.bisztron.at\/index.php?rest_route=\/wp\/v2\/pages"}],"about":[{"href":"http:\/\/www.bisztron.at\/index.php?rest_route=\/wp\/v2\/types\/page"}],"author":[{"embeddable":true,"href":"http:\/\/www.bisztron.at\/index.php?rest_route=\/wp\/v2\/users\/1"}],"replies":[{"embeddable":true,"href":"http:\/\/www.bisztron.at\/index.php?rest_route=%2Fwp%2Fv2%2Fcomments&post=50895"}],"version-history":[{"count":16,"href":"http:\/\/www.bisztron.at\/index.php?rest_route=\/wp\/v2\/pages\/50895\/revisions"}],"predecessor-version":[{"id":50938,"href":"http:\/\/www.bisztron.at\/index.php?rest_route=\/wp\/v2\/pages\/50895\/revisions\/50938"}],"wp:attachment":[{"href":"http:\/\/www.bisztron.at\/index.php?rest_route=%2Fwp%2Fv2%2Fmedia&parent=50895"}],"curies":[{"name":"wp","href":"https:\/\/api.w.org\/{rel}","templated":true}]}}

<p>[vc_row row_type=&#8220;row&#8220; use_row_as_full_screen_section=&#8220;no&#8220; type=&#8220;grid&#8220; oblique_section=&#8220;no&#8220; text_align=&#8220;left&#8220; triangle_shape=&#8220;no&#8220; padding_top=&#8220;33&#8243; css_animation=&#8220;&#8220; box_shadow_on_row=&#8220;no&#8220;][vc_column width=&#8220;1/3&#8243;]<div class='edgt_team on_hover'><div class='edgt_team_inner'><div class='edgt_team_image'><img src='http://www.bisztron.at/wp-content/uploads/2023/09/Mino_HP.jpg' alt='team_image' /><div class='edgt_team_social_holder in_center'  style='background-color:rgba(30,37,27,0.85);'><div class='edgt_team_social'><div class='edgt_team_social_inner'><div class='edgt_team_title_holder'><h4 class='edgt_team_name' >Mino</h4><h6 class='edgt_team_position' style ="color: #a6a4a2;font-weight: 400">mein Meister</h6></div></div></div></div></div></div></div>[vc_separator type=&#8220;normal&#8220; up=&#8220;30&#8243;][vc_column_text]Im Sommer 2020 tapste Mino, ein Labi-Cane Corso, unbekümmert und fröhlich in mein Leben.<br />
Nach jahrelanger Erfahrung als Hundebesitzerin und Verhaltensberaterin hatte ich in ihm meinen Meister gefunden. Gemeinsam mit ihm stelle ich mich der Herausforderung. Er zeigt mir wo mein Entwicklungspotential liegt und wie ich meine Fähigkeiten als Verhaltenberaterin verbessern kann. Mino ist auch die Inspiration für mein Projekt &#8222;Aus Erziehung wird Beziehung&#8220;[/vc_column_text][/vc_column][vc_column width=&#8220;1/3&#8243;][vc_column_text]Ich hatte noch zuvor nie einen so abgemagerten und kranken Hund gesehen wie Donna. Sie hat damals mein Herz berührt und tut es noch heute. Donna und ich waren Seelenverwandte. Wir hatten viele schöne Jahre miteinander und der Tag an dem sie die Regenbogenbrücke überquerte (2021), hat nichts an unserer tiefen Verbundenheit verändert. Sie wird für ewig mein Herzenshund bleiben.[/vc_column_text][vc_separator type=&#8220;normal&#8220;]<div class='edgt_team on_hover'><div class='edgt_team_inner'><div class='edgt_team_image'><img src='http://www.bisztron.at/wp-content/uploads/2015/02/Donna_seitlich.jpg' alt='team_image' /><div class='edgt_team_social_holder in_center'  style='background-color:rgba(30,37,27,0.85);'><div class='edgt_team_social'><div class='edgt_team_social_inner'><div class='edgt_team_title_holder'><h4 class='edgt_team_name' >Donna</h4><h6 class='edgt_team_position' style ="color: #a6a4a2;font-weight: 400">meine Grande Dame</h6></div></div></div></div></div></div></div>[/vc_column][vc_column width=&#8220;1/3&#8243;]<div class='edgt_team on_hover'><div class='edgt_team_inner'><div class='edgt_team_image'><img src='http://www.bisztron.at/wp-content/uploads/2015/02/mia-gras.jpg' alt='team_image' /><div class='edgt_team_social_holder in_center'  style='background-color:rgba(30,37,27,0.85);'><div class='edgt_team_social'><div class='edgt_team_social_inner'><div class='edgt_team_title_holder'><h4 class='edgt_team_name' >Mia</h4><h6 class='edgt_team_position' >fröhlich und neugierig</h6></div></div></div></div></div></div></div>[vc_separator type=&#8220;normal&#8220; up=&#8220;30&#8243;][vc_column_text]</p>
<p class="bodytext">Mia wurde auf einem Flohmarkt verkauft und dann beim Tierarzt abgegeben. Sie war erst 6 Wochen alt, als sie zu mir kam. Ich habe sie dort abgeholt und sie hat mein Herz gleich erobert.</p>
<p class="bodytext">Mia hat mir gezeigt wie wichtig es ist, auch mal mein Temperament zu zügeln, durchzuatmen und ruhig und gelassen weiter zu machen. Sie bringt mich zum Lachen und manchmal treibt sie mich in die Verzweiflung, wenn Dinge nicht so klappen wie ich es mir vorstelle. Doch letztendlich läßt sie mich kreativ sein und andere Wege beschreiten.</p>
<p class="bodytext">Im August 2015 ist sie über die Regenbogenbrücke gegangen. Sie hat eine große Lücke hinterlassen.</p>
<p>[/vc_column_text][/vc_column][/vc_row][vc_row row_type=&#8220;row&#8220; use_row_as_full_screen_section=&#8220;no&#8220; type=&#8220;full_width&#8220; oblique_section=&#8220;no&#8220; text_align=&#8220;left&#8220; triangle_shape=&#8220;no&#8220; css_animation=&#8220;&#8220; box_shadow_on_row=&#8220;no&#8220;][vc_column][vc_column_text][/vc_column_text][/vc_column][/vc_row][vc_row row_type=&#8220;row&#8220; use_row_as_full_screen_section=&#8220;no&#8220; type=&#8220;grid&#8220; oblique_section=&#8220;no&#8220; text_align=&#8220;left&#8220; triangle_shape=&#8220;no&#8220; padding_top=&#8220;33&#8243; css_animation=&#8220;&#8220; box_shadow_on_row=&#8220;no&#8220;][vc_column width=&#8220;1/3&#8243;]<div class='edgt_team on_hover'><div class='edgt_team_inner'><div class='edgt_team_image'><img src='http://www.bisztron.at/wp-content/uploads/2015/02/Burli-Kopf.jpg' alt='team_image' /><div class='edgt_team_social_holder in_center'  style='background-color:rgba(30,37,27,0.85);'><div class='edgt_team_social'><div class='edgt_team_social_inner'><div class='edgt_team_title_holder'><h4 class='edgt_team_name' >Burli</h4><h6 class='edgt_team_position' style ="color: #a6a4a2;font-weight: 400">mein Meister</h6></div></div></div></div></div></div></div>[vc_separator type=&#8220;normal&#8220; up=&#8220;30&#8243;][vc_column_text]Mein &#8222;Burli&#8220; war sein Leben lang ein Kettenhund und landete schließlich in Nitra.</p>
<p class="bodytext">Ein alter Herr, der sich schon mit allem sehr schwertut. Er hört schlecht &#8211; wobei man nicht genau sagen kann, ob er vielleicht nicht hören will. Er sieht schlecht. Er geht sehr gemächlich und hat schon Schwierigkeiten mit dem Aufstehen.</p>
<p class="bodytext">Hier bei mir durfte er seinen Lebensabend verbringen. Er hatte es warm und kuschelig und war auf seiner letzten Reise (2014) nicht allein.</p>
<p>[/vc_column_text][/vc_column][vc_column width=&#8220;1/3&#8243;][vc_column_text]</p>
<p class="bodytext">Einen Irischen Wolfshund zu haben &#8211; ein Traum, der wahr wurde. Das Zita bei mir einzog war eher eine göttliche Fügung. Eigentlich wollte ich einen Welpen, doch ein kurzer Spaziergang mit Zita hatte mich überzeugt ihr ein neues Zuhause zu geben, denn Zita tat für ziemlich jedes Futter so ziemlich alles. Zu ihren beliebtesten Sachen gehörte: Zwetschken, Äpfel, Marillen direkt vom Baum gepflückt, Bananen, Geburtstagstorten, und was sich sonst noch Leckeres auf dem Esstisch finden lässt.</p>
<p class="bodytext">Zita hatte durch sehr traumatische Umstände ihr zu Hause, ihre Familie und ihre Freunde verloren. Es war uns nicht bestimmt eine lange Zeit miteinander zu verbringen. Zita ist nach eineinhalb Jahren über die Regenbogenbrücke gegangen (2007). Heim zu ihrer wirklichen Familie, die sie bis zum Schluss sehr vermisste.</p>
<p>[/vc_column_text][vc_separator type=&#8220;normal&#8220;]<div class='edgt_team on_hover'><div class='edgt_team_inner'><div class='edgt_team_image'><img src='http://www.bisztron.at/wp-content/uploads/2015/02/Zita.jpg' alt='team_image' /><div class='edgt_team_social_holder in_center'  style='background-color:rgba(30,37,27,0.85);'><div class='edgt_team_social'><div class='edgt_team_social_inner'><div class='edgt_team_title_holder'><h4 class='edgt_team_name' >Zita</h4><h6 class='edgt_team_position' style ="color: #a6a4a2;font-weight: 400">meine Grande Dame</h6></div></div></div></div></div></div></div>[/vc_column][vc_column width=&#8220;1/3&#8243;]<div class='edgt_team on_hover'><div class='edgt_team_inner'><div class='edgt_team_image'><img src='http://www.bisztron.at/wp-content/uploads/2015/02/Tamina1-scaled.jpg' alt='team_image' /><div class='edgt_team_social_holder in_center' ><div class='edgt_team_social'><div class='edgt_team_social_inner'><div class='edgt_team_title_holder'><h4 class='edgt_team_name' >Tamina</h4><span class='separator small' style=''></span></div></div></div></div></div></div></div>[vc_separator type=&#8220;normal&#8220;][vc_column_text]Tamina ist bei mit 2010 eingezogen. Ein total verängstigtes, kleines Terrier-Mädchen. Schritt für Schritt hat sie sich wieder ins Leben zurück gearbeitet. Sie ist heute ein glücklicher Hund, wenn auch mit ein paar kleinen Einschränkungen.[/vc_column_text][/vc_column][/vc_row][vc_row row_type=&#8220;row&#8220; use_row_as_full_screen_section=&#8220;no&#8220; type=&#8220;full_width&#8220; oblique_section=&#8220;no&#8220; text_align=&#8220;left&#8220; triangle_shape=&#8220;no&#8220; css_animation=&#8220;&#8220; box_shadow_on_row=&#8220;no&#8220;][vc_column][vc_column_text][/vc_column_text][/vc_column][/vc_row]</p>

<p>[vc_row row_type=&#8220;row&#8220; use_row_as_full_screen_section=&#8220;no&#8220; type=&#8220;grid&#8220; oblique_section=&#8220;no&#8220; text_align=&#8220;left&#8220; triangle_shape=&#8220;no&#8220; padding_top=&#8220;33&#8243; css_animation=&#8220;&#8220; box_shadow_on_row=&#8220;no&#8220;][vc_column width=&#8220;1/3&#8243;][vc_separator type=&#8220;normal&#8220; up=&#8220;30&#8243;][vc_column_text]Im Sommer 2020 tapste Mino, ein Labi-Cane Corso, unbekümmert und fröhlich in mein Leben. Nach jahrelanger Erfahrung als Hundebesitzerin und Verhaltensberaterin hatte ich in ihm meinen Meister gefunden. Gemeinsam mit ihm stelle ich&#8230;</p>
